 and r.
12
Suppose 3*u + 58*u - 11*u - 1050900 = 0. What is the highest common factor of 6 and u?
6
Suppose -w = 2*a - 45, 90 = 3*w - 0*w - 3*a. Suppose 4*c - 15*c + 26950 = 0. Suppose -5*x = 5*x - c. What is the highest common divisor of w and x?
35
Let y = 150 + -146. Suppose -4*k = -3*x - 5, -2*x + y = 3*k - 4. What is the highest common factor of k and 46?
2
Let l(n) = -72*n + 4130. Let o be l(55). Calculate the highest common divisor of o and 4505.
85
Suppose -r = -p + 4103, 175*p - 160053 = 136*p + 3*r. Calculate the greatest common factor of 95 and p.
19
Suppose 0*k + 155 = 5*k. Let w(i) = -i**3 - 131*i**2 + 1866*i - 523. Let q be w(-144). Calculate the greatest common factor of q and k.
31
Let q(p) = -137*p - 1777. Let l be q(-16). What is the highest common factor of l and 996?
83
Let t = -260 - -442. Suppose -3*w = -10*w + t. What is the greatest common factor of 2 and w?
2
Suppose 4*d - 64 = 5*f - f, 2*f + 8 = 0. Suppose 2*z + d + 88 = 2*x, 4*z + 155 = 3*x. What is the greatest common divisor of x and 15?
15
Suppose -36 = -3*h - 3*i + 6*i, 3*h = -4*i + 8. Let a(l) = -l + 4. Let z be a(8). Let p = h - z. What is the highest common factor of 12 and p?
12
Let p be ((-1)/2)/((1309/2376)/(-119)). What is the highest common divisor of 5886 and p?
54
Suppose -40*c + 80 = 42*c - 66*c. Calculate the highest common factor of c and 45.
5
Let a(t) = -t**3 - 8*t**2 - 8*t. Suppose -14*y + 6*y = 56. Let o be a(y). Suppose -g - 270 = -o*g. What is the greatest common factor of 15 and g?
15
Let u = -3321 + 3334. What is the greatest common factor of 11843 and u?
13
Suppose -5*s = -5, -5*g = 4*s - 6*s + 4602. Let h = -902 - g. Suppose 5*d - 34 = 2*o, 2*o - 14 = 3*d - 6*d. What is the greatest common factor of d and h?
6
Let n be 112 + (2/1)/(-2*4/16). What is the greatest common divisor of n and 5076?
108
Let r(a) = a**2 - 92*a + 4495. Let g be r(86). Calculate the highest common factor of g and 519.
173
Let s = -8 + 8. Suppose s*v + 26 = 2*v. Let p = 741 + -689. Calculate the greatest common factor of p and v.
13
Suppose 85 = 5*z + j - 3*j, z + 4*j = 17. Suppose -l - 4*y = -36, -12*y = -z*y + 25. What is the highest common factor of 432 and l?
16
Let w(h) = -h**3 - 10*h**2 - 10*h - 5. Let r be w(-9). Let j = -15485 - -15516. What is the greatest common divisor of r and j?
1
Suppose -86*s + 22599 = -27453. What is the highest common divisor of s and 30?
6
Suppose 5*j + 1092 = 2832. Suppose -5*c - 521 = -3*u, 2*u = -0*u + 4*c + j. Calculate the highest common factor of u and 4.
4
Let l = 5308 + -5298. Calculate the highest common divisor of l and 335.
5
Let c be 9/(-15)*(-50 + 0). Suppose 0*k - 2*k = -2*z - 110, z = 5*k - 295. Let m = k - c. What is the greatest common divisor of 12 and m?
6
Let j be (-514)/5 + 5 + 84/(-20). Let r = j - -137. What is the greatest common factor of 175 and r?
35
Let i = -20 + 25. Suppose 1660 = i*m - 1610. Suppose 8*o = 298 + m. Calculate the greatest common divisor of o and 17.
17
Let o = -3025 - -4460. What is the highest common factor of o and 70?
35
Suppose s - 3*w - 56 = 0, -5*s + 548 = 4*w + 344. Calculate the greatest common factor of s and 4829.
11
Let c(z) = 1490*z - 1558. Let p be c(2). What is the greatest common factor of 6 and p?
6
Suppose 0 = -8*m + 10*m - 24. Let v be (78/(-8))/((-3)/m). What is the greatest common factor of 39 and v?
39
Let j = -2909 - -3083. What is the greatest common factor of j and 30624?
174
Suppose 0*q + 2*q - 355 = f, 3*q - 540 = 4*f. Let g be (4 + -10)*(0 + 44/(-6)). Calculate the highest common factor of q and g.
44
Let s(w) = -w - 1. Let u be s(-10). Let c be (3 + -1)*u + (-12)/(-3). Let p be 4/24*3*c. Calculate the highest common divisor of p and 55.
11
Suppose 3*m + 2*m + 96 = 2*l, 4*m - 2*l + 78 = 0. Let d(x) = -7*x - 66. Let k be d(m). What is the greatest common factor of k and 15?
15
Let d(y) = y**2 - 12*y - 122. Let l be d(-14). What is the greatest common factor of l and 1166?
22
Suppose u + 97 = 100. Suppose -v = 3*s - 283, -10*s + 9*s = -u*v - 101. Calculate the greatest common divisor of s and 19.
19
Suppose -379*g + 128*g = -45180. Calculate the highest common divisor of g and 3210.
30
Let v be 69 + (3 + 2 - (-5)/20*-8). Calculate the highest common divisor of v and 8.
8
Suppose -d = 3*f + 13842 - 37419, -f - 2*d = -7854. Calculate the greatest common divisor of f and 60.
60
Suppose 0 = 4*r - 20 - 12. Let w = -87252 - -87260. Calculate the highest common factor of r and w.
8
Suppose -5*z + 38*x - 34*x + 684 = 0, 0 = z + 3*x - 114. What is the greatest common factor of z and 528?
132
Let w be ((518/8)/(-1))/(1*(-5)/280). What is the highest common divisor of w and 42?
14
Suppose -c + 360 = j, 12*c - 9*c = 0. Suppose -7*q + j = 3*q. Calculate the highest common factor of 336 and q.
12
Suppose 73*r - 2662 = 3981. Calculate the greatest common divisor of 273 and r.
91
Let h(u) = -48*u + 312. Let s be h(-51). Calculate the highest common divisor of 36 and s.
12
Let v be (20/(-9))/((-76)/342). Calculate the highest common divisor of 860 and v.
10
Let z = 1236 + -726. Suppose g - 5*x - 14 = 156, -3*g + z = -3*x. What is the greatest common factor of 20 and g?
10
Let c be ((-684)/(-190))/(1/5). Let j = -47 + 91. Let h = 98 - j. Calculate the greatest common divisor of c and h.
18
Let k(m) = 13*m**2 - 78*m - 39. Let g be k(7). Calculate the greatest common factor of 8 and g.
4
Suppose 2*x - 4*p = 28, -5*p = -70*x + 71*x - 49. Suppose 4*u - 780 = -u. Calculate the highest common factor of u and x.
12
Suppose -2*y = -4*f - 88, -4*f = -59*y + 55*y + 184. What is the highest common factor of 3072 and y?
48
Let r be 5/(30/(-12))*14/(-2). Suppose -r*g + 500 = -4*g. What is the greatest common factor of 20 and g?
10
Suppose 8*c + 6261 = 5485. Suppose -2*x + 6*x = -424. Let i = c - x. What is the greatest common divisor of 36 and i?
9
Suppose 33*w = -4*t + 38*w + 521, 0 = 2*t + 2*w - 256. Calculate the highest common divisor of 9 and t.
3
Let g be 10 - 4/(-8)*-6. What is the greatest common factor of 1603 and g?
7
Suppose 3*l - 6*l - w + 33 = 0, -l + 21 = -3*w. Calculate the highest common factor of l and 285.
3
Let s(q) = q**2 + 12*q - 7. Let i be s(-14). What is the greatest common factor of i and 7329?
21
Let p be 0/(((-6)/(-2) - 8) + 3). Let j be (-48)/4*(p - 10/8). Suppose -3*v = j, -4*v = -b + 31 + 64. Calculate the greatest common divisor of 15 and b.
15
Let i be (-8)/54*-117 - (-2)/3. Let u = 268 - -38. What is the greatest common factor of i and u?
18
Suppose -2*u + 5*x = -231, -987*u - 543 = -991*u + x. Calculate the greatest common divisor of 1219 and u.
23
Let t = -386 + 132. Let r = t - -273. Calculate the greatest common divisor of r and 608.
19
Suppose 31*d + 1883436 = 217*d. Calculate the greatest common divisor of 664 and d.
166
Let w(z) = z**3 - 37*z**2 + 263*z + 219. Let n be w(27). What is the greatest common factor of 10910 and n?
10
Let h = -4129 - -4741. What is the greatest common factor of 738 and h?
18
Suppose 365*c = 368*c - 27. Let u(q) = -q**2 + 13*q - 6. Let z be u(c). Suppose -2*j + 543 - 63 = 0. Calculate the greatest common factor of j and z.
30
Suppose 83*t - 1428 = 80*t. What is the greatest common divisor of t and 306?
34
Suppose -101*p = -95003 - 33671. What is the greatest common divisor of 196 and p?
98
Suppose 8*h - 882 - 14 = 0. Calculate the greatest common factor of h and 294.
14
Suppose 0 = j + 454 - 157. Let l = 302 + j. Calculate the greatest common divisor of l and 20.
5
Let b(a) = 3*a - 38. Let d be b(38). What is the greatest common factor of d and 12?
4
Let a be 2/(-24)*-28*102. Suppose -a*r + 232*r + 42 = 0. Let i(g) = g**3 + 9*g**2 - 5*g + 8. Let w be i(-8). What is the greatest common divisor of w and r?
7
Suppose -1372 - 3430 = -72*u + 65*u. What is the greatest common divisor of 2450 and u?
98
Suppose 4*t - 11 - 45 = 0. Suppose 5*q + 3*h = 10*q - 120, -5*q - 2*h = -95. Calculate the greatest common factor of q and t.
7
Let x(z) = -303*z + 393. Let m be x(-21). What is the highest common divisor of 12 and m?
12
Let y(m) = -116*m - 760. Let p be y(-7). Calculate the greatest common factor of p and 3796.
52
Let f = -16498 + 16539. What is the highest common divisor of f and 33948?
41
Let h = 6664 - 6608. Calculate the greatest